t y = -180 + h. What is z(y)?
7
Let q(n) = -n**3 - 5*n**2 + 7*n - 2. Suppose 0 = -5*v + 15, 5*v = 2*u + 3*v + 18. What is q(u)?
-8
Let j(i) = i + 37. Let v(p) = -2*p**3 + 19*p**2 - 11*p - 20. Let n be v(9). Give j(n).
-1
Let w(p) be the first derivative of -p**3/3 + 3*p**2 - 15*p + 1. Let k(a) = 2*a**2 - 354*a + 8350. Let o be k(149). What is w(o)?
-15
Suppose 0 = 498*t - 499*t - 137. Let m = t + 145. Let x(k) = k**3 - 8*k**2 + 2*k - 12. Calculate x(m).
4
Let r(g) be the first derivative of g**4/4 - 35*g**3/3 + 18*g**2 - 67*g + 1234. What is r(34)?
1
Let o(g) = 858*g - 407*g - 450*g + 3 - 3. Let u be (-3 - 0)/(9/(-12)). Let r = u - 11. Calculate o(r).
-7
Let n(b) = 17*b - 10 - 18*b - 19. Determine n(8).
-37
Let t(w) = -w**2 + 8*w - 9. Let d(m) = -m**3 - 22*m**2 - 22*m - 37. Let r be d(-21). Let s be 36/16 + 4 - (-4)/r. Calculate t(s).
3
Let c(k) be the second derivative of k**5/60 - 7*k**4/24 - k**3/2 - 5*k**2 - 4*k + 3. Let x(i) be the first derivative of c(i). Give x(8).
5
Let a(w) be the first derivative of -w**4/12 - 3*w**3/2 - 2*w**2 + w + 1. Let u(h) be the first derivative of a(h). Let r = 2976 + -2982. Determine u(r).
14
Let q(a) = 0*a**3 + 3*a**2 + 2 - a**3 + 2*a + 4 - 6*a. Let r be ((-648)/(-40) - 16)/(1/15). Calculate q(r).
-6
Let g(i) = 17*i. Let l be (-2 + (-55)/15)/((-3)/18). Let u = l + -27. Suppose -u*z = 9*z - 16. What is g(z)?
17
Let p(a) = 15 - 32*a**3 - 13 + 42*a - 2 - 41*a + 33*a**3 - a**2. Suppose 0 = 4*j - 4*b, -b + 2 + 3 = 0. Let x = -4 + j. Give p(x).
1
Let f(g) = 21*g - 33. Let r be f(2). Suppose -7*s + 2*s = 0. Let j be r - (s + 4 - 4). Let m(n) = n**2 - 10*n + 2. Give m(j).
-7
Suppose -3*s - 28 = -2*o + o, -5*s + 120 = 5*o. Let n(b) = b - 24. Let i be n(o). Let f(a) = -1. Let v(l) = -l + 4. Let j(z) = 5*f(z) + v(z). What is j(i)?
-2
Let d(m) = 1 - 13*m**2 - 12*m**2 + 24*m**2 + 17*m**3. What is d(-1)?
-17
Let f(m) be the first derivative of 2/3*m**3 + 2 - m**2 - 4*m. What is f(3)?
8
Suppose 0 = 2*r, -l - 30 = l + 2*r. Let f(q) = 39*q - 27. Let m(h) = -5*h + 4. Let o(b) = l*m(b) - 2*f(b). What is o(-4)?
6
Suppose -41*n + 43*n + 4*h = -60, 5*n + 4*h = -114. Let k(o) = -3*o**2 - 48*o + 100. What is k(n)?
-8
Let q(c) = 21930 - c + 21919 - 43847. Let y(h) = -h**2 - 7*h. Let f be y(-5). Determine q(f).
-8
Let r(v) = v**3 + 35*v**2 + 177*v + 1. Let c be r(-6). Let h(l) = 4*l + 79. Calculate h(c).
11
Let w = 3149 - 2074. Suppose 7*y + 424 = w. Let g = y + -96. Let a(u) = -u**2 - 2*u + 3. Calculate a(g).
0
Suppose -4*u + 9*u + 15 = 0. Let f(d) = -d**3 + 8*d**2 - 4. Let l(h) = -h**3 + 9*h**2 - 4. Let b(s) = u*l(s) + 4*f(s). What is b(5)?
-4
Let u(y) = 3*y**3 + 9 + 406*y - 1 - 3*y**3 - 408*y - y**2 + y**3. Determine u(0).
8
Let w(l) = 2*l + 14. Let c(n) = n + 4. Let o(g) = 3*c(g) - w(g). What is o(-5)?
-7
Let z(y) = -y - 8. Let m = 26 - 21. Suppose -b + 2*b = m*u - 10, b - 2*u - 5 = 0. Suppose 5*l + 21 = 4*f - b, 4*l = -4*f. What is z(l)?
-4
Let b(q) be the first derivative of q**5/120 - q**4/6 + 2*q**3/3 + 5. Let i(s) be the third derivative of b(s). Let m = 780 + -780. What is i(m)?
-4
Let q(v) = -58*v - 40. Let z(c) = 47*c + 40. Let k(f) = 4*q(f) + 5*z(f). Determine k(-13).
1
Let k(c) = -4*c**2 + 4*c + 3*c**2 + 5 - 3 + 2. Suppose 130 = 43*u - 128. Determine k(u).
-8
Let y(o) = 3*o**2 - 22*o + 10. Let q(z) = z**2 - 7*z + 3. Let w = 459 - 461. Let c(p) = w*y(p) + 7*q(p). Let i = -9 - -13. What is c(i)?
-3
Let l be 3/(30/(-4)) + (-21)/(-30)*2. Let o(x) = -34*x**2 + 3*x - 4. Give o(l).
-35
Let s be 2 + (-20)/11 - 42/1980*7. Let p(w) be the third derivative of -6*w**2 + 1/60*w**6 - 1/24*w**4 + 1/3*w**3 + 0 - s*w**5 + 0*w. Calculate p(2).
8
Let a(f) = 3*f - 2. Let g be (-3 - -4)*(3 - 3). Let k(j) = -j**3 - 2*j + 1. Let o be k(g). Let n(r) = r**3 - r**2 - r + 1. Let b(q) = o*n(q) + a(q). Give b(1).
1
Let a be (2394/112 - 21)*(-4)/(-3)*-2. Suppose -2*y - 3*y + 5*f = -70, 3*y - 24 = -3*f. Let g(s) = 2*s - s + 1 - y*s**2 + 16*s**2. Calculate g(a).
5
Let f(k) = 2 - 3*k - 79*k**2 + 78*k**2 + 7. Let y(w) = -2*w**3 - 13*w**2 + 8*w - 1. Let z be y(-7). Give f(z).
-31
Let i(f) = f**2 + f - 1. Let l(h) = h**2 + h**2 - 3 - 268*h + 262*h - 10. Let g = 8 - 9. Let s(x) = g*l(x) + 3*i(x). Give s(-7).
-4
Let k(g) = 2*g**2 + 3 + 2*g - 3*g - 4*g**2. Let v(u) = 260*u + 8057. Let h be v(-31). Determine k(h).
-12
Let u(i) = i**3 - 6*i**2 - 8*i + 6. Suppose -6*o - 5*t = -3*o - 103, 76 = 2*o - 4*t. Suppose -6*a = -2*a - 2*f - o, -3*a - 5*f = -1. What is u(a)?
-1
Let r(z) = -8*z**2 - 19*z - 19. Let s(d) = 31*d**2 + 74*d + 72. Let k(m) = 15*r(m) + 4*s(m). Calculate k(-3).
6
Let z(n) = -2*n**2 - 6*n - 189. Let k(m) = 4*m**2 + 12*m + 377. Let b(p) = -6*k(p) - 11*z(p). Let q(u) be the first derivative of b(u). Determine q(-5).
14
Let q(z) = 4 + 4*z + 25 - 8 + 3. Let v be q(-8). Let x(p) = -p**3 - 8*p**2 + 2*p. Calculate x(v).
-16
Let q be 4 + 0 - (-15)/15. Let x(b) = 3*b**3 - 8*b**2 - q - 2 - 4*b**3 - 2 - 10*b. Determine x(-7).
12
Let t(p) = -p**2 - 55*p + 1215. Let f be t(-72). Let k(c) = -4*c**2 - 35*c + 8. Calculate k(f).
-1
Let z(l) be the first derivative of -l**4/4 + 2*l**3 - l**2/2 - 2. Let g be z(6). Let w(v) be the first derivative of 3*v**2/2 + 6*v + 150. Calculate w(g).
-12
Let d be (-2 - 7/(-4))*(-7 - (-45)/9). Let s(v) be the second derivative of -1/12*v**4 + 3/2*v**2 + 0 - 8*v + d*v**3. Calculate s(-3).
-15
Suppose -7*j - 3*f = -4*j + 9, -5*j - 6*f - 6 = 0. Let g(n) = 6*n + 65. Calculate g(j).
-7
Let j(r) = -9 - 65*r**3 - r**2 + 4 + 64*r**3 + 1. Calculate j(4).
-84
Suppose -3*f = 3*w - 90, -w + 135 = 4*f - 0*w. Let j(m) = m**3 - 31*m**2 - 14*m + 6 - f*m**2 + 79*m**2. Give j(-14).
6
Let n(s) = -7*s**3 - 15*s**2 - 10*s + 14. Let y(i) = 3*i**3 + 7*i**2 + 5*i - 6. Let a(v) = -4*n(v) - 9*y(v). Suppose 0 = -7*p + 15 + 13. Determine a(p).
-6
Let m(d) = -d**3 - 2*d**2 + 4*d + 2. Let h be 144/10 + ((-12)/10)/3. Suppose 69 - 69 = -u. Suppose -2*v + h = 2*y - 4*y, u = -2*y - 5*v + 14. Determine m(y).
-1
Let k(i) = 11*i - 6. Suppose -64 = -2*z - 3*u, 5*u + 119 - 35 = 4*z. Let f(x) = -x**2 + 25*x + 31. Let g be f(z). What is k(g)?
49
Let n(h) = 4*h**2 + 406*h - 1471. Let l be n(-105). Let z be -1 + 2 + 0 + 2. Let x(i) = -13*i + 3*i + z - 2. What is x(l)?
11
Suppose -3*s - 25 = 2*s. Let g(b) = -3*b**2 + 6*b + 15. Let a(m) = m**2 - 3*m - 7. Let z(f) = -5*a(f) - 2*g(f). Calculate z(s).
15
Let d(s) = -8*s**3 - 52*s**2 - 30*s - 33. Let f be d(-6). Let l(x) = 14*x**2 + 6*x - 3. Determine l(f).
141
Suppose 152 = -3*p + 4*h, 53 = 4*p - 5*p - h. Let y = -35 - p. Let o(g) = -2*g**2 + 34*g - 2. Let x be o(y). Let v(f) = -12*f - 3. Calculate v(x).
21
Let m be 90/20*(-42)/(-9). Suppose 2 = -h, 4*h + 51 = -2*q + m. Let y(i) = -5 + 12*i**2 + 5 + 3*i**3 + 11*i - 2*i**3 - 2. Determine y(q).
-2
Let g(t) be the first derivative of -12 + 5*t - 1/4*t**4 - t**2 + 5/3*t**3. Calculate g(5).
-5
Let p be (-6)/16*66/(-99). Let n(z) be the third derivative of 4*z**2 + 0 + 0*z + p*z**4 + 1/6*z**3 + 1/60*z**5. Calculate n(-5).
-4
Let y = -40 - -34. Let u(t) be the third derivative of 0 - 9*t**2 + 1/24*t**4 + 0*t + 4/3*t**3. What is u(y)?
2
Let k(v) = 0*v + 5*v + 380 - 443 - 22*v + 9*v. Give k(-20).
97
Let u(z) = 1054*z + 1. Let v(a) = -18975*a - 12. Let h(q) = 18*u(q) + v(q). Let c = 8 + -5. What is h(c)?
-3
Let a(o) = o + 5. Suppose -108 = -15*n - 2*n - 23. Determine a(n).
10
Let h = -3 - -5. Suppose -4*i + 2 = -3*i, -3*r + 22 = -i. Let f(m) = 12*m**3 - 4*m - 4*m**h + r*m**3 - 7 + 2 - 19*m**3. Calculate f(5).
0
Let w(d) = 960*d + 12 - 1928*d - 1 + 965*d. Calculate w(-1).
14
Suppose t + 140 = 6*t. Suppose z = 3*b - 7, -3*z - t = z - 5*b. Let a(n) = -7*n + 6. Let o(g) = -5*g + 4. Let r(w) = 3*a(w) - 4*o(w). What is r(z)?
9
Let m = 493 + -430. Let l be (-16)/28 + (-27)/m. Let i(d) = -6*d**2 - d. What is i(l)?
-5
Let v = -360 + 360. Suppose v*q + q = -p - 6, 0 = 5*q - 10. Let b(t) = -t**3 - 7*t**2 + 7*t - 6. Calculate b(p).
2
Let o(t) = -2*t + 2. Let p(z) = 5*z - 4. Suppose -45 = 4*h + 11. Let r(j) = j**3 + 14*j**2 + j + 7. Let b be r(h). Let m(w) = b*o(w) - 3*p(w). Give m(-7).
5
Suppose -5*y = -4*z - 143, -3*z - 141 = -17*y + 12*y. Let p(f) = y + 26 - 81 - f + 38. Let o = 15 - 9. What is p(o)?
4
Suppose -3*m = -x + 2*x + 4, -2*x = 8. Suppose -15*p + 10*p + 15 = m. Suppose -p*t + c + 2